 in base 13?
-16519
Convert -2213 (base 4) to base 16.
-a7
8185 (base 12) to base 13
6533
1000000101 (base 2) to base 5
4032
What is 30554 (base 9) in base 16?
4ea9
48b3 (base 15) to base 9
23186
What is -5178 (base 9) in base 16?
-ed5
Convert -32854 (base 9) to base 13.
-9c2b
6b (base 16) to base 8
153
Convert -120414 (base 5) to base 9.
-6132
What is a85c (base 14) in base 3?
1110220102
What is -444203 (base 6) in base 9?
-56053
Convert -d53 (base 16) to base 2.
-110101010011
202022 (base 7) to base 10
34316
-984 (base 12) to base 6
-10244
What is -874 (base 10) in base 6?
-4014
Convert -28ab (base 15) to base 12.
-505b
1102200120 (base 3) to base 15
8553
What is 1230202 (base 5) in base 4?
11303322
Convert -14074 (base 10) to base 11.
-a635
Convert 4c4b (base 14) to base 2.
11010001010011
What is -12123 (base 4) in base 9?
-506
Convert -111010 (base 3) to base 8.
-542
What is -b9b0 (base 14) in base 4?
-13311212
Convert 102007 (base 9) to base 7.
341266
Convert 22146 (base 7) to base 4.
1113003
What is 20020 (base 3) in base 7?
330
Convert 168 (base 10) to base 11.
143
62 (base 16) to base 15
68
What is 177305 (base 8) in base 14?
19aa9
Convert -162 (base 13) to base 3.
-100020
Convert -1658 (base 12) to base 6.
-20152
Convert -2d0 (base 14) to base 7.
-1450
What is -2134 (base 7) in base 2?
-1011111000
Convert 9fe7 (base 16) to base 7.
230226
What is 1450 (base 12) in base 6?
14540
23 (base 11) to base 6
41
What is 41b (base 13) in base 10?
700
-13032033 (base 4) to base 9
-44520
3406 (base 13) to base 12
4261
51604 (base 7) to base 6
134314
What is 101 (base 2) in base 8?
5
What is -160160 (base 7) in base 8?
-75110
Convert -8c9 (base 13) to base 14.
-7a5
What is 323305 (base 6) in base 9?
40535
Convert 1140 (base 6) to base 13.
183
What is -1475 (base 8) in base 5?
-11304
What is 4853 (base 10) in base 5?
123403
180 (base 14) to base 7
620
Convert -520 (base 16) to base 5.
-20222
Convert -120122012 (base 3) to base 13.
-525b
What is 1423014 (base 5) in base 7?
152522
What is -4876 (base 13) in base 16?
-27fd
1093 (base 10) to base 15
4cd
What is -304253 (base 6) in base 15?
-72ec
-7f2f (base 16) to base 5
-2020214
36b8 (base 12) to base 8
14054
Convert 10311 (base 6) to base 3.
1221021
-8c (base 13) to base 7
-224
What is -2a41 (base 12) in base 13?
-2335
What is -10110100000 (base 2) in base 12?
-a00
-1972 (base 10) to base 5
-30342
What is 1415 (base 6) in base 15?
19b
What is 23111 (base 4) in base 2?
1011010101
What is -122101 (base 3) in base 14?
-257
Convert 105 (base 6) to base 10.
41
-281 (base 10) to base 12
-1b5
Convert -334024 (base 6) to base 7.
-144625
-2002 (base 6) to base 8
-662
What is -2c43 (base 14) in base 3?
-101211120
10b4 (base 14) to base 7
11314
What is -6aa7 (base 11) in base 7?
-36103
What is 5165 (base 8) in base 12?
1671
Convert 1516 (base 8) to base 15.
3b6
356 (base 8) to base 9
284
What is 202010221 (base 3) in base 7?
60550
What is -207 (base 8) in base 6?
-343
4b8a (base 14) to base 8
31706
Convert -ebb3 (base 15) to base 7.
-265314
Convert -ca7c (base 15) to base 2.
-1010011101110011
What is 4572 (base 10) in base 9?
6240
-345545 (base 7) to base 6
-1155042
-6a76 (base 14) to base 6
-221440
2496 (base 12) to base 13
1b6c
Convert -1321031 (base 4) to base 16.
-1e4d
Convert 3120341 (base 5) to base 16.
c892
What is 6408 (base 15) in base 13?
9827
Convert -c8d8 (base 15) to base 2.
-1010011000000111
What is 40 (base 11) in base 10?
44
Convert -21212 (base 4) to base 13.
-383
What is -15764 (base 9) in base 16?
-2a4f
-1355 (base 8) to base 3
-1000202
-a0 (base 13) to base 2
-10000010
-11332100 (base 4) to base 14
-8cb6
34431 (base 7) to base 6
104413
What is -1b34 (base 12) in base 13?
-16ab
What is 11331 (base 6) in base 14?
851
What is -1101001 (base 4) in base 8?
-12101
Convert -1111010011101 (base 2) to base 5.
-222322
Convert -250b (base 14) to base 15.
-1dbe
What is -1000243 (base 5) in base 9?
-23472
Convert 156 (base 9) to base 10.
132
What is -1251 (base 8) in base 12?
-489
233 (base 4) to base 11
43
Convert -2487 (base 11) to base 3.
-11110001
-123a3 (base 11) to base 12
-a357
Convert 5153 (base 8) to base 16.
a6b
Convert -f7 (base 16) to base 6.
-1051
-26014 (base 8) to base 9
-16418
-dc8 (base 15) to base 5
-44423
Convert -17574 (base 8) to base 10.
-8060
Convert 5631 (base 8) to base 9.
4058
What is 30315 (base 6) in base 10?
4007
Convert -b19 (base 13) to base 12.
-1109
Convert -11112 (base 3) to base 6.
-322
Convert 36420 (base 10) to base 11.
253aa
Convert -1001011221 (base 3) to base 12.
-ba81
604e (base 15) to base 12
b918
What is -111130 (base 4) in base 16?
-55c
What is -102000 (base 5) in base 12?
-1b53
-8cc (base 14) to base 3
-2101202
What is -614 (base 12) in base 6?
-4024
Convert -109c (base 15) to base 13.
-17ac
Convert -488 (base 14) to base 5.
-12104
13056 (base 8) to base 11
42a2
1a73 (base 13) to base 10
3981
-2600 (base 7) to base 15
-455
132 (base 8) to base 12
76
Convert 398 (base 10) to base 6.
1502
-2b761 (base 12) to base 11
-42285
-727 (base 9) to base 5
-4332
What is 106116 (base 8) in base 4?
20301032
What is 1b (base 16) in base 13?
21
Convert 1112302 (base 4) to base 7.
22123
Convert 2000212 (base 3) to base 5.
21411
Convert 1102022 (base 3) to base 10.
1034
What is 1211200 (base 3) in base 14?
6bb
Convert -13526 (base 10) to base 6.
-142342
1175 (base 8) to base 16
27d
134 (base 13) to base 2
11010100
Convert -10000101001111 (base 2) to base 5.
-233102
What is -8604 (base 16) in base 12?
-17a30
Convert -1754 (base 16) to base 5.
-142342
-3a1 (base 12) to base 14
-2b7
Convert -2b8 (base 15) to base 4.
-21233
Convert -b87 (base 16) to base 7.
-11414
What is 1803 (base 14) in base 12?
25b7
-10226 (base 9) to base 14
-265d
101111011 (base 2) to base 16
17b
Convert 5313 (base 8) to base 9.
3710
What is 20731 (base 8) in base 5?
234130
Convert 13215 (base 8) to base 11.
4379
Convert -30305 (base 11) to base 15.
-d1cb
What is 1416 (base 9) in base 15?
4b3
-28126 (base 10) to base 4
-12313132
-2202021022 (base 3) to base 16
-d37f
Convert -11232 (base 4) to base 12.
-266
What is -952 (base 12) in base 15?
-608
Convert -8b39 (base 12) to base 4.
-3301131
Convert -b1b (base 12) to base 3.
-2012112
-1221022020 (base 3) to base 4
-21103302
What is b6 (base 12) in base 6?
350
-1020221002 (base 3) to base 4
-12002132
525 (base 8) to base 12
245
What is -22a7 (base 16) in base 9?
-13146
-2424 (base 9) to base 4
-130030
-1317 (base 13) to base 16
-aa4
Convert 718 (base 11) to base 4.
31202
-110020 (base 3) to base 7
-651
Convert 310041 (base 5) to base 13.
473b
Convert -c5b (base 13) to base 4.
-200320
What is 1565 (base 9) in base 14?
613
What is 20004 (base 8) in base 14?
2db6
What is -246 (base 10) in base 14?
-138
What is -137 (base 12) in base 10?
-187
-d15 (base 16) to base 15
-ed4
96db (base 15) to base 10
31931
313 (base 15) to base 9
850
-4430 (base 6) to base 13
-60c
Convert -6242 (base 15) to base 4.
-11010122
-2101 (base 6) to base 5
-3334
-557 (base 10) to base 11
-467
What is 154 (base 12) in base 4?
3100
3011 (base 9) to base 6
14101
Convert -1b157 (base 12) to base 16.
-9c13
What is -62422 (base 10) in base 6?
-1200554
What is -2c64 (base 14) in base 9?
-11778
291 (base 15) to base 11
493
What is -114418 (base 9) in base 4?
-100310003
3035 (base 7) to base 4
100133
What is -220202 (base 3) in base 10?
-668
4950 (base 14) to base 7
52230
What is -4885 (base 11) in base 14?
-2481
What is 24826 (base 11) in base 14?
cd90
What is 1619 (base 13) in base 12?
1a55
36d (base 14) to base 3
221101
Convert -454 (base 8) to base 3.
-102010
726 (base 8) to base 5
3340
-f4 (base 16) to base 10
-244
Convert 973 (base 14) to base 8.
3511
What is 92 (base 14) in base 4?
2000
Convert 2020 (base 5) to base 2.
100000100
3f (base 16) to base 13
4b
Convert 52137 (base 9) to base 12.
17a8a
9513 (base 13) to base 14
773c
-3231 (base 4) to base 8
-355
-1120 (base 3) to base 10
-42
Convert 13169 (base 12) to base 16.
6621
Convert c41 (base 13) to base 9.
2762
What is -882 (base 11) in base 10?
-1058
Convert 235230 (base 6) to base 16.
5082
-d185 (base 15) to base 5
-2403400
3071 (base 8) to base 15
713
-107 (base 13) to base 11
-150
799 (base 16) to base 7
5446
Convert -24249 (base 12) t